).
-3
Let d(z) = 2*z**2 + 6*z + 61. Let f(u) = -6*u**2 - 16*u - 183. Let s(y) = -11*d(y) - 4*f(y). Let o(b) be the first derivative of s(b). Determine o(2).
6
Let m(q) = -q**2 - 33*q + 105. Let h be m(-36). Let t be 38 + -28 - (h + 5). Let j(x) be the second derivative of x**3/6 - 2*x**2 + x. Give j(t).
4
Let v(y) = y - 11. Suppose -3*k + 5*z = 14, -4*z - 2 = -18. Let h be (k/4*16)/1. Determine v(h).
-3
Suppose 3*p - 16 = 17. Let d be 1 - (p/33)/((-2)/12). Let x(t) = -t**3 + 5*t**2 + 2*t - 2. Give x(d).
22
Let v(p) = 9*p - 7*p - 7*p - 6*p + 17. Let n(x) = -9*x + 17. Let g(i) = 6*n(i) - 5*v(i). Give g(-10).
7
Let h(n) = 17*n + 23. Let x be h(7). Let c(a) = -3*a + x - 142 - a. Let l = 22 - 20. What is c(l)?
-8
Let l(i) = -i**3 + i**2 + i - 6. Let t(c) = -7*c**3 - 30*c**2 - 31*c - 101. Let r(j) = 6*l(j) - t(j). Give r(-35).
-5
Let h(u) = 691*u**2 - u**3 + 38 - 4*u + 2*u - 1389*u**2 + 691*u**2. Calculate h(-6).
14
Let a be -23 + (-603)/(-18) + (-2)/(-4). Let t(v) = -v**2 + 6*v + 44. Determine t(a).
-11
Let o(q) = 16*q**3 - 1 + 3*q - 3*q - q + q**2. Let c = 46189 - 46190. Calculate o(c).
-15
Let l(s) = -8*s**2 + 8*s + 3. Let n(t) = 10*t**2 - 7*t - 3. Suppose -2*j - 5*m - 27 = 0, -2*m - 24 = j + 2*j. Let z(q) = j*l(q) - 5*n(q). What is z(-6)?
3
Let y(c) = c + 4. Suppose 55 - 58 = r. Let l(f) = -f. Let n(a) = r*l(a) - y(a). Calculate n(-4).
-12
Suppose -31 + 38 = u, -u + 13 = -3*p. Let i(n) = 2 + 4*n**3 - 3 - 3*n - 3*n**3. What is i(p)?
-3
Suppose -108 = -7*a - 5*v - 110, -v + 5 = 2*a. Let p(b) be the first derivative of -b**4/4 + 8*b**3/3 + 9*b**2/2 - 4*b + 1. Determine p(a).
-4
Let r = -63 - -65. Suppose 12*t + 42 = -r*t. Let y be t + (4 - 4) - 4. Let u(b) = 2*b + 1. Give u(y).
-13
Let o(x) = -16*x - 297. Let r(z) = 15*z + 271. Let q(g) = 8*o(g) + 9*r(g). Calculate q(-12).
-21
Let l(n) = -n**2 - 4*n + 8. Suppose -y - 10 = 3*h, -6*y + 10*y + 8 = -4*h. Suppose 5*g - y = -4*x - 12, 0 = -4*x + 20. Calculate l(g).
-4
Let l(o) = o**3 - 3*o**2 + 6*o + 13. Let w be (54/(-63))/((-75)/(-350)). What is l(w)?
-123
Suppose -31 = -o - 20. Let z(g) = -99 + 200 - 98 - 3*g + o*g. Determine z(-2).
-13
Suppose -24*l + 6725 + 3187 = 0. Suppose 14*s = -45*s - l. Let u(r) = r - 4. What is u(s)?
-11
Let o(f) = 2*f**3 - f**2 + 2*f - 2. Let q = -442 - -445. Let k(l) = -2*l**3 - l**2 - l + 1. Let v(b) = q*k(b) + 2*o(b). Give v(-4).
43
Let r(m) be the second derivative of -m**3/6 + m**2/2 + 1130*m. Give r(15).
-14
Let h(d) = -d**3 + d**2 - 4*d. Suppose -r + 4*r = -2 + 2. Determine h(r).
0
Suppose p + 220 = -3*p. Let d = -59 - p. Let k(g) = -g**2. Let a(i) = i**3 + 9*i**2 - 5*i - 1. Let j(z) = d*k(z) - a(z). Determine j(-6).
7
Let m(a) = -a + 10. Let n(b) = -19*b - 75. Let x(p) = 5*m(p) + n(p). Determine x(-1).
-1
Suppose -4743 + 214 = -2*z - d, 0 = 2*z - d - 4539. Suppose -2303 + z = -6*l. Let v(q) = -q**3 + 5*q**2 + 2*q + 7. What is v(l)?
-17
Suppose 13776*j - 13783*j + 154 = 0. Let r(v) = -2*v + 82. Calculate r(j).
38
Let n(i) be the third derivative of -i**7/840 + i**6/360 - 191*i**5/60 - 230*i**2. Let u(g) be the third derivative of n(g). Calculate u(5).
-28
Let k(a) be the first derivative of a**2/2 + 9*a - 300. Let j be k(-3). Let h(x) = 5*x - 13. Give h(j).
17
Suppose -6*y + 16 = -4*y. Let h(c) be the first derivative of c**3/3 - 4*c**2 - 9*c + 1474. What is h(y)?
-9
Suppose -28 - 85 = -4*s + 3*d, d - 133 = -4*s. Let v(z) = -79*z + s*z + 1 + 48*z. What is v(-1)?
0
Let x = 209 - 180. Suppose -x*u + 23*u = 30. Let w(y) = -7*y. Calculate w(u).
35
Let l(j) = 6*j + 3. Let m(f) = f**2 + 3*f + 6. Let p be m(-2). Suppose -p*z = 5*q + 23, -4*z + q - 5 = -0*q. Calculate l(z).
-9
Let s(d) = 4*d**2 + 2*d + 5. Let z be 10/55 + ((-960)/110)/4. Calculate s(z).
17
Let d(v) = v**2 - 9. Suppose -8*b - 37*b = 0. Calculate d(b).
-9
Let k be (42/(-12) + 3)*0. Let u(n) = -8 - 3 - 20 - n. Determine u(k).
-31
Let s(n) be the first derivative of -n**2/2 + 98303. Let r(d) = -3*d**2 - 3*d - 2*d**2 - d**3 + 0*d**2 + 4. Let u be r(-4). Give s(u).
0
Let b(a) = -8*a**2 + a. Suppose 9 = 3*g + 5*u, 0*g + 2*u + 15 = 5*g. Suppose 20*d + g = 23*d. Suppose 2*p = 3*f + 7, -4*f + 3*p - d - 9 = 0. Determine b(f).
-9
Let y(z) be the second derivative of -z**4/3 + 5*z**3 - 12*z**2 - z + 707. Give y(7).
-10
Let s(z) be the first derivative of -2*z**3/3 + 27*z**2/2 - 4*z + 1186. Determine s(14).
-18
Let d(o) be the third derivative of o**5/60 - o**4/6 - o**3/6 + 58*o**2. Suppose -28 + 13 = 3*q, 2*v - 3*q = 21. Give d(v).
-4
Let x(k) = -k**3 - 8*k**2 + 8*k + 6. Let h(s) be the first derivative of s**4/4 + 7*s**3/3 - 9*s**2/2 - 99*s + 1. Let o be h(-6). Determine x(o).
15
Let f(h) = -h**3 - 4*h**2 + h - 1. Suppose 0*w - w = -20. Let t be 52/w + 2/5. Suppose -4*m - 2*y - 28 = y, 0 = -2*m + t*y + 4. What is f(m)?
-5
Suppose 0 = -24*b - 104 - 280. Let a(t) = -22*t - 349. Let r be a(b). Let w(q) = 8*q - 32. Let i(m) = 1. Let z(n) = -32*i(n) - w(n). Determine z(r).
-24
Let v = 17745 - 17749. Let h(j) = 8*j**2 + 28*j - 12. Calculate h(v).
4
Suppose 3751*d - 3755*d - 13 = 7. Let v(z) = 3*z + 20. What is v(d)?
5
Let p = 2/745 - -2231/1490. Let m(o) be the first derivative of 15 - 6*o - p*o**2. Give m(-5).
9
Let t(u) = 7*u**3 - 12*u**2 - 2*u - 1. Let z(i) = -6*i**3 + 11*i**2 + i + 2. Let p(v) = 5*t(v) + 6*z(v). Let r be 0 - (18/(-12))/(3/10). Give p(r).
12
Let a(h) = 2*h**2 - 6862*h + 6874*h - h**2 + 21. Determine a(-9).
-6
Let j = -3093 + 3080. Let p(n) = -n**3 - 14*n**2 - 16*n - 29. Give p(j).
10
Let g(p) = 11*p**2 - 33*p - 47. Let b(f) = -27*f**2 + 66*f + 97. Let r(s) = -2*b(s) - 5*g(s). Calculate r(34).
7
Let h(i) = 0*i**2 + 3*i + 15105 - 15102 - 11*i - i**2. Determine h(-7).
10
Let l(m) be the first derivative of m**4/4 - 2*m**3/3 - 2*m - 21. Let z(c) = 4*c + 31. Let i be z(-7). Determine l(i).
7
Suppose 5*s + 11 = -2*m, 0*m - 2*s = 4*m - 18. Suppose -3 = -m*t + 4. Let q(r) = -t + 0*r + 0*r + 2*r. Calculate q(4).
7
Let n(d) = 5*d - 6. Let x(y) = -28 + 16 + y + 10*y + 1. Let b(r) = -9*n(r) + 4*x(r). Determine b(9).
1
Let c be ((-2)/8 - (-9)/12)*10. Suppose 0 = -4*i - c*o + 3, 0*i - 5*i = 3*o + 6. Let h(l) be the first derivative of -l**3/3 - 3*l**2/2 + l - 2. What is h(i)?
1
Let v(a) be the first derivative of -a**6/120 + 7*a**5/60 + 19*a**4/24 - 5*a**3/2 - 33*a**2/2 - 189. Let u(y) be the second derivative of v(y). Determine u(9).
-6
Suppose 0 = -3*g + 2*l + 7, -4 = -3*g - l + 6. Let h(i) = -4 + 0*i + 5 - g*i - 5. Determine h(-4).
8
Let v = -1 + 14. Let o = -14 + v. Let n(b) be the first derivative of -b**2/2 - b - 95. Determine n(o).
0
Let c(j) be the first derivative of -1/3*j**3 - 1 + 15*j - 1/4*j**4 - 1/2*j**2. Suppose 7571*o = 7650*o. Calculate c(o).
15
Let z(h) = 3*h - 3*h + 1 - 5 + 10*h. Suppose -4*v - 2*i - 5 = -5*v, -2*v = i - 5. Calculate z(v).
26
Let q = -633 + 628. Let n(d) = -d - d**2 - 4 + d + 3*d - 4*d. Calculate n(q).
-24
Let y(t) be the third derivative of t**6/120 - t**5/60 - t**4/8 - 4*t**3/3 - 13*t**2 - 55*t. Calculate y(5).
77
Let b(v) be the third derivative of -v**5/60 + v**4/6 - 5*v**3/3 + 3*v**2 - 241. Calculate b(-8).
-106
Let d = -2227 + 2225. Let m(t) = 2*t**2 + 4*t + 12. What is m(d)?
12
Suppose -18546*y + 18532*y - 112 = 0. Let k(h) = -3 - 4*h + 2*h - 9. Determine k(y).
4
Suppose -2*c - c = s - 764, 5*s = -c + 3890. Let k(u) = -4 + 1560*u**3 + 4*u**2 - u - 779*u**3 - s*u**3. What is k(-3)?
-19
Let v(b) be the second derivative of 0 - 1/12*b**4 - 21*b + b**2 + 1/2*b**3. Suppose r + 0*r = 0, y + 5*r = 4. Determine v(y).
-2
Let s(v) = -v**3 + 6*v**2 + 10*v - 61. Suppose -3*f - w - 31 + 55 = 0, -2*f = -2*w. Give s(f).
-1
Let p be (-5)/(-20) + (-13)/4. Let u be (-5)/(0 + (p - -2)). Let g(z) = -53 - u*z + 58 - z + z**2. What is g(4)?
-3
Let p(u) = -3*u + 2633 - 2627 - 43*u**2 + 44*u**2. Give p(3).
6
Let m(v) be the third derivative of 0 + 1/24*v**4 - 13/6*v**3 + 0*v + 106*v**2. Calculate m(6).
-7
Let i be (1074/1611)/(1/(-6) + 0). Let n(j) = -30*j - 112. Calculate n(i).
8
Let o(x) = -2*x**2 - 7*x - 2. Let p be -5 + -3 - (-24)/3. Let c be 27/(-1 + -2) + (4 - p). Give o(c).
-17
Let w = 808 - 802. Suppose 20 = -x + w*x, 0 = 5*h + 3*x - 2. Let g(i) = -i**2. Give g(h).
-4
Suppose -6*x + 1 = -29. Let c(v) = v**2 + 2*v + 14. Let k(a) = a**2 - a + 6. Let s(d) = -c(d) + 2*k(d). Give s(x).
3
Suppos